of 4851 and 20727?
441
What is the greatest common divisor of 3552 and 16404?
12
What is the greatest common divisor of 876 and 55918?
146
What is the greatest common factor of 437 and 92207?
437
What is the highest common factor of 279 and 550064?
31
Calculate the highest common divisor of 1136 and 280805.
71
Calculate the highest common divisor of 364 and 198898.
14
What is the highest common divisor of 39 and 15729?
3
What is the highest common divisor of 1407 and 609432?
201
What is the greatest common divisor of 17 and 2055419?
17
Calculate the highest common factor of 534170 and 728.
182
Calculate the greatest common factor of 1132586 and 910.
182
What is the greatest common divisor of 261 and 3567?
87
What is the highest common factor of 100912 and 34?
34
Calculate the greatest common divisor of 70 and 112490.
70
Calculate the greatest common factor of 406 and 2450819.
203
Calculate the highest common divisor of 72 and 455112.
72
Calculate the greatest common factor of 133443 and 99.
9
What is the highest common divisor of 185157 and 63?
63
What is the highest common factor of 56537 and 78?
13
Calculate the highest common divisor of 180 and 6042.
6
Calculate the greatest common divisor of 12062 and 45314.
326
What is the greatest common divisor of 70211 and 183?
61
Calculate the highest common factor of 8748 and 2388.
12
Calculate the highest common divisor of 2529 and 7083.
9
What is the greatest common divisor of 912 and 13908?
228
What is the greatest common divisor of 24 and 4050024?
24
Calculate the greatest common divisor of 2100 and 103425.
525
What is the greatest common factor of 14 and 466760?
14
Calculate the highest common factor of 16 and 150848.
16
Calculate the greatest common factor of 2 and 154320.
2
Calculate the greatest common factor of 26748 and 2880.
36
Calculate the highest common factor of 86 and 3601723.
43
Calculate the highest common divisor of 197415 and 7011.
369
Calculate the greatest common factor of 429 and 300729.
429
Calculate the highest common divisor of 34 and 11458.
34
Calculate the highest common factor of 25 and 21350.
25
Calculate the highest common factor of 1596 and 276.
12
Calculate the highest common divisor of 71417 and 51.
17
What is the greatest common divisor of 35529 and 156?
39
Calculate the highest common divisor of 5168 and 3400.
136
What is the highest common divisor of 70 and 4795?
35
Calculate the highest common divisor of 84 and 9254.
14
Calculate the highest common divisor of 2152 and 5918.
538
What is the greatest common divisor of 480609 and 27?
9
Calculate the greatest common factor of 454308 and 918.
102
What is the highest common divisor of 990 and 72435?
165
What is the highest common divisor of 22843 and 47841?
431
Calculate the highest common divisor of 272 and 20740.
68
Calculate the greatest common factor of 1149 and 4554253.
383
Calculate the highest common divisor of 13 and 154778.
13
Calculate the highest common divisor of 301158 and 11.
11
Calculate the highest common factor of 532 and 7196.
28
Calculate the greatest common divisor of 26100 and 170.
10
What is the highest common divisor of 2893 and 11?
11
What is the greatest common divisor of 455276 and 4?
4
What is the greatest common divisor of 381 and 136017?
381
Calculate the greatest common factor of 58 and 110722.
58
What is the highest common factor of 16 and 5266?
2
Calculate the highest common factor of 1467 and 207.
9
What is the highest common factor of 1625751 and 63?
9
Calculate the highest common factor of 360 and 2529720.
360
Calculate the highest common factor of 14877 and 26999.
551
What is the highest common divisor of 32421 and 10605?
303
Calculate the highest common factor of 7100 and 7700.
100
What is the greatest common divisor of 54870 and 150?
30
What is the highest common factor of 867 and 408?
51
Calculate the highest common factor of 565 and 145.
5
What is the highest common divisor of 53475 and 155?
155
What is the greatest common factor of 1862 and 60382?
266
What is the greatest common divisor of 88 and 35068?
44
Calculate the greatest common divisor of 3138 and 91525.
523
What is the greatest common factor of 139874 and 80122?
1358
Calculate the highest common divisor of 979 and 2827.
11
Calculate the highest common divisor of 72 and 60776.
8
Calculate the greatest common divisor of 6 and 10728.
6
Calculate the greatest common divisor of 35056 and 224.
112
What is the greatest common factor of 17554 and 1474?
134
What is the highest common divisor of 130 and 438698?
26
Calculate the greatest common factor of 9310 and 1197.
133
What is the greatest common divisor of 3444 and 10164?
84
What is the highest common factor of 55136 and 272?
16
What is the greatest common factor of 22660 and 2020?
20
Calculate the greatest common factor of 399 and 1067857.
133
Calculate the highest common divisor of 110 and 35838.
22
Calculate the highest common divisor of 176 and 342512.
16
Calculate the highest common factor of 12 and 98796.
12
Calculate the greatest common divisor of 120696 and 321.
321
What is the highest common factor of 2796 and 5825?
233
Calculate the highest common factor of 33 and 23221.
11
What is the greatest common factor of 245 and 71085?
35
What is the greatest common factor of 154577 and 2?
1
Calculate the highest common factor of 165144 and 14.
14
Calculate the highest common factor of 537254 and 5546.
118
What is the greatest common divisor of 1809 and 61938?
27
Calculate the greatest common divisor of 7853 and 1.
1
What is the highest common factor of 12 and 4262?
2
What is the highest common divisor of 61281 and 1287?
99
Calculate the highest common divisor of 935 and 11407.
187
What is the highest common factor of 675 and 93?
3
Calculate the highest common divisor of 720 and 556560.
720
What is the highest common factor of 221 and 2925?
13
What is the highest common factor of 251 and 20833?
251
Calculate the greatest common divisor of 701685 and 279.
279
What is the highest common factor of 18748 and 1333?
43
Calculate the greatest common factor of 68 and 1540268.
68
Calculate the greatest common factor of 31250 and 1130.
10
Calculate the highest common divisor of 6012 and 1162320.
2004
Calculate the highest common factor of 6786621 and 153.
153
What is the highest common factor of 80038 and 14?
14
What is the highest common factor of 200 and 960200?
200
What is the highest common divisor of 324382 and 118?
118
What is the greatest common divisor of 3652 and 2728?
44
Calculate the greatest common divisor of 7480 and 94160.
440
Calculate the greatest common factor of 3754972 and 65.
13
What is the highest common factor of 21063 and 8687?
119
What is the greatest common factor of 28 and 3552?
4
What is the highest common factor of 12132 and 28?
4
What is the greatest common factor of 60283 and 161?
23
Calculate the greatest common divisor of 51429 and 1106.
553
Calculate the greatest common divisor of 11 and 111947.
11
Calculate the highest common divisor of 315443 and 331.
331
What is the greatest common divisor of 330 and 112170?
30
Calculate the highest common divisor of 63200 and 8480.
160
What is the greatest common divisor of 192 and 11936?
32
Calculate the highest common divisor of 852 and 99.
3
What is the greatest common divisor of 53 and 2094242?
53
Calculate the highest common factor of 3453866 and 52.
26
What is the highest common factor of 96 and 341232?
48
Calculate the greatest common divisor of 159086 and 136.
34
What is the greatest common divisor of 49237 and 1802?
53
What is the highest common factor of 1488483 and 783?
783
Calculate the highest common divisor of 7379 and 4553.
157
What is the greatest common factor of 4056323 and 353?
353
What is the highest common factor of 25230 and 39295?
145
Calculate the highest common divisor of 17562670 and 10.
10
Calculate the greatest common factor of 175 and 34025.
25
What is the greatest common factor of 5 and 108235?
5
Calculate the highest common factor of 6 and 5396.
2
Calculate the greatest common divisor of 63002 and 1377.
17
Calculate the highest common divisor of 95 and 880.
5
Calculate the greatest common factor of 56433 and 208.
13
Calculate the highest common divisor of 252638 and 118.
118
What 